{"id":30,"date":"2016-12-14T22:22:13","date_gmt":"2016-12-14T21:22:13","guid":{"rendered":"http:\/\/www.anmeldung2.dav-murnau.de\/?page_id=30"},"modified":"2016-12-14T22:22:28","modified_gmt":"2016-12-14T21:22:28","slug":"abmeldung-stornierung","status":"publish","type":"page","link":"https:\/\/www.anmeldung2.dav-murnau.de\/?page_id=30","title":{"rendered":"Abmeldung \/ Stornierung"},"content":{"rendered":"<p>Wenn Sie an einer Tour, zu der Sie angemeldet sind, nicht teilnehmen k\u00f6nnen, kontaktieren Sie bitte die Gesch\u00e4ftsstelle:<\/p>\n<p>DAV Sektion Murnau<br \/>\nSeidlstra\u00dfe 14<br \/>\n82418 Murnau<\/p>\n<p>Tel.: 08841\/1436<br \/>\nFax: 08841\/629993<\/p>\n<p><strong>E-Mail:<br \/>\n<\/strong><a>info@dav-murnau.de<\/a><\/p>\n","protected":false},"excerpt":{"rendered":"<p>Wenn Sie an einer Tour, zu der Sie angemeldet sind, nicht teilnehmen k\u00f6nnen, kontaktieren Sie bitte die Gesch\u00e4ftsstelle: DAV Sektion Murnau Seidlstra\u00dfe 14 82418 Murnau Tel.: 08841\/1436 Fax: 08841\/629993 E-Mail: info@dav-murnau.de<\/p>\n","protected":false},"author":2,"featured_media":0,"parent":0,"menu_order":0,"comment_status":"closed","ping_status":"closed","template":"","meta":{"footnotes":""},"class_list":["post-30","page","type-page","status-publish","hentry"],"_links":{"self":[{"href":"https:\/\/www.anmeldung2.dav-murnau.de\/index.php?rest_route=\/wp\/v2\/pages\/30","targetHints":{"allow":["GET"]}}],"collection":[{"href":"https:\/\/www.anmeldung2.dav-murnau.de\/index.php?rest_route=\/wp\/v2\/pages"}],"about":[{"href":"https:\/\/www.anmeldung2.dav-murnau.de\/index.php?rest_route=\/wp\/v2\/types\/page"}],"author":[{"embeddable":true,"href":"https:\/\/www.anmeldung2.dav-murnau.de\/index.php?rest_route=\/wp\/v2\/users\/2"}],"replies":[{"embeddable":true,"href":"https:\/\/www.anmeldung2.dav-murnau.de\/index.php?rest_route=%2Fwp%2Fv2%2Fcomments&post=30"}],"version-history":[{"count":2,"href":"https:\/\/www.anmeldung2.dav-murnau.de\/index.php?rest_route=\/wp\/v2\/pages\/30\/revisions"}],"predecessor-version":[{"id":32,"href":"https:\/\/www.anmeldung2.dav-murnau.de\/index.php?rest_route=\/wp\/v2\/pages\/30\/revisions\/32"}],"wp:attachment":[{"href":"https:\/\/www.anmeldung2.dav-murnau.de\/index.php?rest_route=%2Fwp%2Fv2%2Fmedia&parent=30"}],"curies":[{"name":"wp","href":"https:\/\/api.w.org\/{rel}","templated":true}]}}