{"id":54,"date":"2016-12-14T23:14:39","date_gmt":"2016-12-14T22:14:39","guid":{"rendered":"http:\/\/www.anmeldung2.dav-murnau.de\/?page_id=54"},"modified":"2016-12-14T23:14:39","modified_gmt":"2016-12-14T22:14:39","slug":"jugend","status":"publish","type":"page","link":"https:\/\/www.anmeldung2.dav-murnau.de\/?page_id=54","title":{"rendered":"Jugend"},"content":{"rendered":"<div id='event_wrapper'><div id='event_search_code' style='display:none;' data='category_identifier=jugend&css_class=&event_category_id=&staff_id=&allow_override=0&show_expired=false&show_secondary=false&show_deleted=false&show_recurrence=true&limit=0&order_by=NULL&sort=&events_per_page=50&num_page_links_to_display=10&exclude_closed_events=false'><\/div><div id='event_container_pagination' ><div id='event_content' class='event_content'><div id=\"event_data-544\" class=\"event_data  jugend event-data-display event-list-display event-display-boxes ui-widget\">\n\t<h3 id=\"event_title-544\" class=\"event_title ui-widget-header ui-corner-top\"><a title=\"2.02 Hochtour f\u00fcr Junioren Rheinwaldhorn (Tessin)\" class=\"a_event_title\" id=\"a_event_title-544\" href=\"https:\/\/www.anmeldung2.dav-murnau.de\/?page_id=10&ee=544\">2.02 Hochtour f\u00fcr Junioren Rheinwaldhorn (Tessin)<\/a>\n\t\t\t\t\t\t\t\t\t\t\t\t\t\t\t\t\t\t\t<\/h3>\n<div class=\"event-data-display ui-widget-content ui-corner-bottom\">\n\t\t\t\t\t\t\t\t\t\t<div class=\"event-meta clearfix\">\n\t\t<p id=\"p_event_price-544\" class=\"event_price\"><span class=\"section-title\">Preis: <\/span> EUR0.00<\/p>\t\t<p id=\"event_date-544\"><span class=\"section-title\">Datum:<\/span>  17. Juli 2026 \n\t\t\t<a  href=\"https:\/\/www.anmeldung2.dav-murnau.de?iCal=true&amp;current_year=2026&amp;current_month=04&amp;current_day=29&amp;current_time=081727&amp;event_id=544&amp;ee_reg_id=500a2893b91eddd43e81cd874496c2aa-69f1be973fe645.38036662&amp;contact_email=webmaster@dav-murnau.de&amp;start_year=1970&amp;start_month=01&amp;start_day=01&amp;start_time=000000&amp;end_year=1970&amp;end_month=01&amp;end_day=01&amp;end_time=000000&amp;event_summary=2.02 Hochtour f\u00fcr Junioren Rheinwaldhorn (Tessin)&amp;ee_reg_url=https:\/\/www.anmeldung2.dav-murnau.de\/?page_id=10&amp;ee=544&amp;site_url=https:\/\/www.anmeldung2.dav-murnau.de&amp;organization=DAV Murnau - Tourenanmeldung&amp;location=Kellerstra\u00dfe Murnau 82418\" id=\"espresso_ical_544\" class=\"espresso_ical_link\" title=\"iCal Import\"><img decoding=\"async\" src=\"https:\/\/www.anmeldung2.dav-murnau.de\/wp-content\/plugins\/event-espresso\/images\/icons\/calendar_link.png\"><\/a>\t\t<\/p>\n\t<\/div>\n\n\t <p id=\"available_spaces-544\" class=\"spaces-available\"><span class=\"section-title\">Verf\u00fcgbare Pl\u00e4tze:<\/span> 1<\/p>\n\t\t\t\t\t\t\t<p id=\"register_link-544\" class=\"register-link-footer\">\n\t\t\t\t\t<a class=\"a_register_link ui-button ui-button-big ui-priority-primary ui-state-default ui-state-hover ui-state-focus ui-corner-all\" id=\"a_register_link-544\" href=\"https:\/\/www.anmeldung2.dav-murnau.de\/?page_id=10&ee=544\" title=\"2.02 Hochtour f\u00fcr Junioren Rheinwaldhorn (Tessin)\">Buchen<\/a>\n\t\t\t\t\toder  <a class=\"ee_view_cart ee_add_item_to_cart\" id=\"cart_link_544\" href=\"https:\/\/www.anmeldung2.dav-murnau.de\/?page_id=10&event_id=544\" title=\"2.02 Hochtour f\u00fcr Junioren Rheinwaldhorn (Tessin)\" moving_to_cart=\"Please+wait+redirecting+to+cart+page\" direct_to_cart=\"0\" >In Warenkorb hinzuf\u00fcgen<\/a>\t\t\t\t<\/p>\n\t\t\n<\/div><!-- \/ .event-data-display -->\n<\/div><!-- \/ .event-display-boxes -->\n<div id=\"event_data-546\" class=\"event_data  jugend event-data-display event-list-display event-display-boxes ui-widget\">\n\t<h3 id=\"event_title-546\" class=\"event_title ui-widget-header ui-corner-top\"><a title=\"2.03 Erlebniswochenende B\u00e4renfleckh\u00fctte f\u00fcr (junge) Erwachsene\" class=\"a_event_title\" id=\"a_event_title-546\" href=\"https:\/\/www.anmeldung2.dav-murnau.de\/?page_id=10&ee=546\">2.03 Erlebniswochenende B\u00e4renfleckh\u00fctte f\u00fcr (junge) Erwachsene<\/a>\n\t\t\t\t\t\t\t\t\t\t\t\t\t\t\t\t\t\t\t<\/h3>\n<div class=\"event-data-display ui-widget-content ui-corner-bottom\">\n\t\t\t\t\t\t\t\t\t\t<div class=\"event-meta clearfix\">\n\t\t<p id=\"p_event_price-546\" class=\"event_price\"><span class=\"section-title\">Preis: <\/span> EUR0.00<\/p>\t\t<p id=\"event_date-546\"><span class=\"section-title\">Datum:<\/span>  13. November 2026 \n\t\t\t<a  href=\"https:\/\/www.anmeldung2.dav-murnau.de?iCal=true&amp;current_year=2026&amp;current_month=04&amp;current_day=29&amp;current_time=081727&amp;event_id=546&amp;ee_reg_id=500a2893b91eddd43e81cd874496c2aa-69f1be973fe645.38036662&amp;contact_email=webmaster@dav-murnau.de&amp;start_year=2026&amp;start_month=11&amp;start_day=13&amp;start_time=190000&amp;end_year=2026&amp;end_month=11&amp;end_day=13&amp;end_time=170000&amp;event_summary=2.03 Erlebniswochenende B\u00e4renfleckh\u00fctte f\u00fcr (junge) Erwachsene&amp;ee_reg_url=https:\/\/www.anmeldung2.dav-murnau.de\/?page_id=10&amp;ee=546&amp;site_url=https:\/\/www.anmeldung2.dav-murnau.de&amp;organization=DAV Murnau - Tourenanmeldung&amp;location\" id=\"espresso_ical_546\" class=\"espresso_ical_link\" title=\"iCal Import\"><img decoding=\"async\" src=\"https:\/\/www.anmeldung2.dav-murnau.de\/wp-content\/plugins\/event-espresso\/images\/icons\/calendar_link.png\"><\/a>\t\t<\/p>\n\t<\/div>\n\n\t <p id=\"available_spaces-546\" class=\"spaces-available\"><span class=\"section-title\">Verf\u00fcgbare Pl\u00e4tze:<\/span> 20<\/p>\n\t\t\t\t\t\t\t<p id=\"register_link-546\" class=\"register-link-footer\">\n\t\t\t\t\t<a class=\"a_register_link ui-button ui-button-big ui-priority-primary ui-state-default ui-state-hover ui-state-focus ui-corner-all\" id=\"a_register_link-546\" href=\"https:\/\/www.anmeldung2.dav-murnau.de\/?page_id=10&ee=546\" title=\"2.03 Erlebniswochenende B\u00e4renfleckh\u00fctte f\u00fcr (junge) Erwachsene\">Buchen<\/a>\n\t\t\t\t\toder  <a class=\"ee_view_cart ee_add_item_to_cart\" id=\"cart_link_546\" href=\"https:\/\/www.anmeldung2.dav-murnau.de\/?page_id=10&event_id=546\" title=\"2.03 Erlebniswochenende B\u00e4renfleckh\u00fctte f\u00fcr (junge) Erwachsene\" moving_to_cart=\"Please+wait+redirecting+to+cart+page\" direct_to_cart=\"0\" >In Warenkorb hinzuf\u00fcgen<\/a>\t\t\t\t<\/p>\n\t\t\n<\/div><!-- \/ .event-data-display -->\n<\/div><!-- \/ .event-display-boxes -->\n<\/div><\/div><\/div>\n","protected":false},"excerpt":{"rendered":"","protected":false},"author":2,"featured_media":0,"parent":0,"menu_order":0,"comment_status":"closed","ping_status":"closed","template":"","meta":{"footnotes":""},"class_list":["post-54","page","type-page","status-publish","hentry"],"_links":{"self":[{"href":"https:\/\/www.anmeldung2.dav-murnau.de\/index.php?rest_route=\/wp\/v2\/pages\/54","targetHints":{"allow":["GET"]}}],"collection":[{"href":"https:\/\/www.anmeldung2.dav-murnau.de\/index.php?rest_route=\/wp\/v2\/pages"}],"about":[{"href":"https:\/\/www.anmeldung2.dav-murnau.de\/index.php?rest_route=\/wp\/v2\/types\/page"}],"author":[{"embeddable":true,"href":"https:\/\/www.anmeldung2.dav-murnau.de\/index.php?rest_route=\/wp\/v2\/users\/2"}],"replies":[{"embeddable":true,"href":"https:\/\/www.anmeldung2.dav-murnau.de\/index.php?rest_route=%2Fwp%2Fv2%2Fcomments&post=54"}],"version-history":[{"count":1,"href":"https:\/\/www.anmeldung2.dav-murnau.de\/index.php?rest_route=\/wp\/v2\/pages\/54\/revisions"}],"predecessor-version":[{"id":55,"href":"https:\/\/www.anmeldung2.dav-murnau.de\/index.php?rest_route=\/wp\/v2\/pages\/54\/revisions\/55"}],"wp:attachment":[{"href":"https:\/\/www.anmeldung2.dav-murnau.de\/index.php?rest_route=%2Fwp%2Fv2%2Fmedia&parent=54"}],"curies":[{"name":"wp","href":"https:\/\/api.w.org\/{rel}","templated":true}]}}

<div id='event_wrapper'><div id='event_search_code' style='display:none;' data='category_identifier=jugend&css_class=&event_category_id=&staff_id=&allow_override=0&show_expired=false&show_secondary=false&show_deleted=false&show_recurrence=true&limit=0&order_by=NULL&sort=&events_per_page=50&num_page_links_to_display=10&exclude_closed_events=false'></div><div id='event_container_pagination' ><div id='event_content' class='event_content'><div id="event_data-544" class="event_data  jugend event-data-display event-list-display event-display-boxes ui-widget">
	<h3 id="event_title-544" class="event_title ui-widget-header ui-corner-top"><a title="2.02 Hochtour für Junioren Rheinwaldhorn (Tessin)" class="a_event_title" id="a_event_title-544" href="https://www.anmeldung2.dav-murnau.de/?page_id=10&ee=544">2.02 Hochtour für Junioren Rheinwaldhorn (Tessin)</a>
																			</h3>
<div class="event-data-display ui-widget-content ui-corner-bottom">
										<div class="event-meta clearfix">
		<p id="p_event_price-544" class="event_price"><span class="section-title">Preis: </span> EUR0.00</p>		<p id="event_date-544"><span class="section-title">Datum:</span>  17. Juli 2026 
			<a  href="https://www.anmeldung2.dav-murnau.de?iCal=true&amp;current_year=2026&amp;current_month=04&amp;current_day=29&amp;current_time=081727&amp;event_id=544&amp;ee_reg_id=500a2893b91eddd43e81cd874496c2aa-69f1be973fe645.38036662&amp;contact_email=webmaster@dav-murnau.de&amp;start_year=1970&amp;start_month=01&amp;start_day=01&amp;start_time=000000&amp;end_year=1970&amp;end_month=01&amp;end_day=01&amp;end_time=000000&amp;event_summary=2.02 Hochtour für Junioren Rheinwaldhorn (Tessin)&amp;ee_reg_url=https://www.anmeldung2.dav-murnau.de/?page_id=10&amp;ee=544&amp;site_url=https://www.anmeldung2.dav-murnau.de&amp;organization=DAV Murnau - Tourenanmeldung&amp;location=Kellerstraße Murnau 82418" id="espresso_ical_544" class="espresso_ical_link" title="iCal Import"><img decoding="async" src="https://www.anmeldung2.dav-murnau.de/wp-content/plugins/event-espresso/images/icons/calendar_link.png"></a>		</p>
	</div>

	 <p id="available_spaces-544" class="spaces-available"><span class="section-title">Verfügbare Plätze:</span> 1</p>
							<p id="register_link-544" class="register-link-footer">
					<a class="a_register_link ui-button ui-button-big ui-priority-primary ui-state-default ui-state-hover ui-state-focus ui-corner-all" id="a_register_link-544" href="https://www.anmeldung2.dav-murnau.de/?page_id=10&ee=544" title="2.02 Hochtour für Junioren Rheinwaldhorn (Tessin)">Buchen</a>
					oder  <a class="ee_view_cart ee_add_item_to_cart" id="cart_link_544" href="https://www.anmeldung2.dav-murnau.de/?page_id=10&event_id=544" title="2.02 Hochtour für Junioren Rheinwaldhorn (Tessin)" moving_to_cart="Please+wait+redirecting+to+cart+page" direct_to_cart="0" >In Warenkorb hinzufügen</a>				</p>
		
</div><!-- / .event-data-display -->
</div><!-- / .event-display-boxes -->
<div id="event_data-546" class="event_data  jugend event-data-display event-list-display event-display-boxes ui-widget">
	<h3 id="event_title-546" class="event_title ui-widget-header ui-corner-top"><a title="2.03 Erlebniswochenende Bärenfleckhütte für (junge) Erwachsene" class="a_event_title" id="a_event_title-546" href="https://www.anmeldung2.dav-murnau.de/?page_id=10&ee=546">2.03 Erlebniswochenende Bärenfleckhütte für (junge) Erwachsene</a>
																			</h3>
<div class="event-data-display ui-widget-content ui-corner-bottom">
										<div class="event-meta clearfix">
		<p id="p_event_price-546" class="event_price"><span class="section-title">Preis: </span> EUR0.00</p>		<p id="event_date-546"><span class="section-title">Datum:</span>  13. November 2026 
			<a  href="https://www.anmeldung2.dav-murnau.de?iCal=true&amp;current_year=2026&amp;current_month=04&amp;current_day=29&amp;current_time=081727&amp;event_id=546&amp;ee_reg_id=500a2893b91eddd43e81cd874496c2aa-69f1be973fe645.38036662&amp;contact_email=webmaster@dav-murnau.de&amp;start_year=2026&amp;start_month=11&amp;start_day=13&amp;start_time=190000&amp;end_year=2026&amp;end_month=11&amp;end_day=13&amp;end_time=170000&amp;event_summary=2.03 Erlebniswochenende Bärenfleckhütte für (junge) Erwachsene&amp;ee_reg_url=https://www.anmeldung2.dav-murnau.de/?page_id=10&amp;ee=546&amp;site_url=https://www.anmeldung2.dav-murnau.de&amp;organization=DAV Murnau - Tourenanmeldung&amp;location" id="espresso_ical_546" class="espresso_ical_link" title="iCal Import"><img decoding="async" src="https://www.anmeldung2.dav-murnau.de/wp-content/plugins/event-espresso/images/icons/calendar_link.png"></a>		</p>
	</div>

	 <p id="available_spaces-546" class="spaces-available"><span class="section-title">Verfügbare Plätze:</span> 20</p>
							<p id="register_link-546" class="register-link-footer">
					<a class="a_register_link ui-button ui-button-big ui-priority-primary ui-state-default ui-state-hover ui-state-focus ui-corner-all" id="a_register_link-546" href="https://www.anmeldung2.dav-murnau.de/?page_id=10&ee=546" title="2.03 Erlebniswochenende Bärenfleckhütte für (junge) Erwachsene">Buchen</a>
					oder  <a class="ee_view_cart ee_add_item_to_cart" id="cart_link_546" href="https://www.anmeldung2.dav-murnau.de/?page_id=10&event_id=546" title="2.03 Erlebniswochenende Bärenfleckhütte für (junge) Erwachsene" moving_to_cart="Please+wait+redirecting+to+cart+page" direct_to_cart="0" >In Warenkorb hinzufügen</a>				</p>
		
</div><!-- / .event-data-display -->
</div><!-- / .event-display-boxes -->
</div></div></div>
